{"id":479,"date":"2024-03-19T13:45:39","date_gmt":"2024-03-19T13:45:39","guid":{"rendered":"https:\/\/tuttoperlascarpaliera.com\/?post_type=product&#038;p=479"},"modified":"2026-04-12T13:19:58","modified_gmt":"2026-04-12T13:19:58","slug":"calzanti","status":"publish","type":"product","link":"https:\/\/tuttoperlascarpaliera.com\/?product=calzanti","title":{"rendered":"CALZANTE PLASTICA CORTO 15 cm"},"content":{"rendered":"","protected":false},"excerpt":{"rendered":"<h6><span style=\"font-size: large;\">Calzanti in varie misure, colori e materiali. ATTENZIONE: il colore dei calzanti pu\u00f2 variare a seconda delle disponibilit\u00e0, per cui non sar\u00e0 opzionabile. Per richieste particolari inviare un sms whats-app o una e-mail a <a href=\"mailto:info@tuttoperlascarpaliera.it\">info@tuttoperlascarpaliera.it<\/a><\/span><\/h6>\n","protected":false},"featured_media":480,"template":"","meta":[],"product_brand":[],"product_cat":[37,26],"product_tag":[],"class_list":{"0":"post-479","1":"product","2":"type-product","3":"status-publish","4":"has-post-thumbnail","6":"product_cat-calzanti","7":"product_cat-prodotti-per-scarpe-oggetti-in-pelle-e-camoscio","9":"first","10":"instock","11":"taxable","12":"shipping-taxable","13":"product-type-simple"},"_links":{"self":[{"href":"https:\/\/tuttoperlascarpaliera.com\/index.php?rest_route=\/wp\/v2\/product\/479","targetHints":{"allow":["GET"]}}],"collection":[{"href":"https:\/\/tuttoperlascarpaliera.com\/index.php?rest_route=\/wp\/v2\/product"}],"about":[{"href":"https:\/\/tuttoperlascarpaliera.com\/index.php?rest_route=\/wp\/v2\/types\/product"}],"wp:featuredmedia":[{"embeddable":true,"href":"https:\/\/tuttoperlascarpaliera.com\/index.php?rest_route=\/wp\/v2\/media\/480"}],"wp:attachment":[{"href":"https:\/\/tuttoperlascarpaliera.com\/index.php?rest_route=%2Fwp%2Fv2%2Fmedia&parent=479"}],"wp:term":[{"taxonomy":"product_brand","embeddable":true,"href":"https:\/\/tuttoperlascarpaliera.com\/index.php?rest_route=%2Fwp%2Fv2%2Fproduct_brand&post=479"},{"taxonomy":"product_cat","embeddable":true,"href":"https:\/\/tuttoperlascarpaliera.com\/index.php?rest_route=%2Fwp%2Fv2%2Fproduct_cat&post=479"},{"taxonomy":"product_tag","embeddable":true,"href":"https:\/\/tuttoperlascarpaliera.com\/index.php?rest_route=%2Fwp%2Fv2%2Fproduct_tag&post=479"}],"curies":[{"name":"wp","href":"https:\/\/api.w.org\/{rel}","templated":true}]}}